{"id":320,"date":"2026-03-13T19:19:32","date_gmt":"2026-03-13T19:19:32","guid":{"rendered":"https:\/\/cremonadojoaikido.com.br\/?page_id=320"},"modified":"2026-03-14T01:08:13","modified_gmt":"2026-03-14T01:08:13","slug":"sensei-cremona","status":"publish","type":"page","link":"https:\/\/cremonadojoaikido.com.br\/?page_id=320","title":{"rendered":"Sensei Cremona"},"content":{"rendered":"\t\t<div data-elementor-type=\"wp-page\" data-elementor-id=\"320\" class=\"elementor elementor-320\">\n\t\t\t\t<div class=\"elementor-element elementor-element-49b7c6f e-con-full e-flex e-con e-parent\" data-id=\"49b7c6f\" data-element_type=\"container\" data-e-type=\"container\" data-settings=\"{&quot;background_background&quot;:&quot;classic&quot;}\">\n\t\t\t\t<\/div>\n\t\t<div class=\"elementor-element elementor-element-33570b8 e-flex e-con-boxed e-con e-parent\" data-id=\"33570b8\" data-element_type=\"container\" data-e-type=\"container\">\n\t\t\t\t\t<div class=\"e-con-inner\">\n\t\t\t\t<div class=\"elementor-element elementor-element-b5061d8 elementor-widget elementor-widget-heading\" data-id=\"b5061d8\" data-element_type=\"widget\" data-e-type=\"widget\" data-widget_type=\"heading.default\">\n\t\t\t\t\t<h2 class=\"elementor-heading-title elementor-size-default\">Sensei Paulo Sergio Cremona<\/h2>\t\t\t\t<\/div>\n\t\t\t\t<div class=\"elementor-element elementor-element-da92875 elementor-widget elementor-widget-heading\" data-id=\"da92875\" data-element_type=\"widget\" data-e-type=\"widget\" data-widget_type=\"heading.default\">\n\t\t\t\t\t<h4 class=\"elementor-heading-title elementor-size-default\">Uma vida dedicada ao <i data-path-to-node=\"4\" data-index-in-node=\"61\">Shugyo<\/i>, \u00e0 tradi\u00e7\u00e3o do Aikido e \u00e0 defesa das Artes Marciais no Brasil.<\/h4>\t\t\t\t<\/div>\n\t\t\t\t<div class=\"elementor-element elementor-element-2343318 elementor-widget elementor-widget-heading\" data-id=\"2343318\" data-element_type=\"widget\" data-e-type=\"widget\" data-widget_type=\"heading.default\">\n\t\t\t\t\t<h2 class=\"elementor-heading-title elementor-size-default\">O In\u00edcio no Caminho Marcial<\/h2>\t\t\t\t<\/div>\n\t\t\t\t<div class=\"elementor-element elementor-element-3a76c6e elementor-widget elementor-widget-text-editor\" data-id=\"3a76c6e\" data-element_type=\"widget\" data-e-type=\"widget\" data-widget_type=\"text-editor.default\">\n\t\t\t\t\t\t\t\t\t<p data-path-to-node=\"7\">Nascido em S\u00e3o Paulo (1953), Sensei Paulo Sergio Cremona iniciou sua jornada nas artes marciais em 1968, como um dos primeiros disc\u00edpulos graduados do Sensei Fukyo Nakano (5\u00ba Dan) no departamento de Jud\u00f4 da Sociedade Esportiva Palmeiras.<\/p><p data-path-to-node=\"8\">Foi neste mesmo clube, no ano de 1979, que encontrou o seu verdadeiro caminho no Aikido. Iniciou seus treinamentos com os mestres Massanao Ueno e Jos\u00e9 Gomes Lemos e, a partir de 1983, passou a treinar sob a dire\u00e7\u00e3o t\u00e9cnica do Shihan Makoto Nishida, representante da FEPAI junto ao Hombu Dojo (Funda\u00e7\u00e3o Aikikai de Tokyo).<\/p><p data-path-to-node=\"9\">Com uma dedica\u00e7\u00e3o \u00edmpar, Sensei Cremona construiu uma base s\u00f3lida, exercendo durante 16 anos consecutivos a fun\u00e7\u00e3o de Diretor-adjunto do Departamento de Aikido do Palmeiras. Hoje, \u00e9 <b data-path-to-node=\"9\" data-index-in-node=\"182\">Faixa Preta 6\u00ba Dan (Rokudan)<\/b>, formado pela Federa\u00e7\u00e3o Paulista de Aikido (FEPAI) e diplomado pela Funda\u00e7\u00e3o Aikikai de Tokyo, sendo filiado \u00e0 International Aikido Federation (IAF).<\/p>\t\t\t\t\t\t\t\t<\/div>\n\t\t\t\t<div class=\"elementor-element elementor-element-4258dd8 elementor-widget elementor-widget-heading\" data-id=\"4258dd8\" data-element_type=\"widget\" data-e-type=\"widget\" data-widget_type=\"heading.default\">\n\t\t\t\t\t<h2 class=\"elementor-heading-title elementor-size-default\">Linhagem e Aperfei\u00e7oamento Cont\u00ednuo<\/h2>\t\t\t\t<\/div>\n\t\t\t\t<div class=\"elementor-element elementor-element-d4812b7 elementor-widget elementor-widget-text-editor\" data-id=\"d4812b7\" data-element_type=\"widget\" data-e-type=\"widget\" data-widget_type=\"text-editor.default\">\n\t\t\t\t\t\t\t\t\t<p data-path-to-node=\"12\">A busca pelo refinamento t\u00e9cnico sempre foi uma constante. Ao longo de sua trajet\u00f3ria, Sensei Cremona participou de semin\u00e1rios com as maiores autoridades do Aikido mundial, mantendo a pureza da t\u00e9cnica ensinada pelo Fundador, O-Sensei Morihei Ueshiba.<\/p><p data-path-to-node=\"13\">Treinou diretamente com mestres lend\u00e1rios, incluindo:<\/p><ul data-path-to-node=\"14\"><li><p data-path-to-node=\"14,0,0\"><b data-path-to-node=\"14,0,0\" data-index-in-node=\"0\">A Fam\u00edlia Ueshiba:<\/b> O saudoso Doshu Kisshomaru Ueshiba e o atual Doshu Moriteru Ueshiba (com destaque para o hist\u00f3rico semin\u00e1rio das Am\u00e9ricas em 2006).<\/p><\/li><li><p data-path-to-node=\"14,1,0\"><b data-path-to-node=\"14,1,0\" data-index-in-node=\"0\">Pioneiros no Brasil e no Mundo:<\/b> Mestre Reishin Kawai (introdutor do Aikido no Brasil), Yoshimitsu Yamada, Hiroshi Isoyama, Hayato Osawa, Wagner Bull, entre outros grandes nomes que forjaram o Aikido internacional.<\/p><\/li><\/ul>\t\t\t\t\t\t\t\t<\/div>\n\t\t\t\t<div class=\"elementor-element elementor-element-e1bde3d elementor-widget elementor-widget-heading\" data-id=\"e1bde3d\" data-element_type=\"widget\" data-e-type=\"widget\" data-widget_type=\"heading.default\">\n\t\t\t\t\t<h2 class=\"elementor-heading-title elementor-size-default\">A Batalha Jur\u00eddica pela Liberdade das Artes Marciais<\/h2>\t\t\t\t<\/div>\n\t\t\t\t<div class=\"elementor-element elementor-element-0195e68 elementor-widget elementor-widget-text-editor\" data-id=\"0195e68\" data-element_type=\"widget\" data-e-type=\"widget\" data-widget_type=\"text-editor.default\">\n\t\t\t\t\t\t\t\t\t<p data-path-to-node=\"17\">Advogado militante desde 1979 (formado pela PUC-SP), Sensei Cremona uniu sua paix\u00e3o pelo tatame ao conhecimento jur\u00eddico para travar uma das batalhas mais importantes da hist\u00f3ria das artes marciais brasileiras.<\/p><p data-path-to-node=\"18\">Desde o ano 2000, destacou-se na luta contra a interfer\u00eancia ilegal dos Conselhos de Educa\u00e7\u00e3o F\u00edsica (CREF) sobre as Artes Marciais, Dan\u00e7a e Yoga. Como Vice-presidente e Diretor Jur\u00eddico da FEPAI, obteve decis\u00f5es judiciais in\u00e9ditas e senten\u00e7as federais que garantiram a liberdade de ensino para o Aikido e outras artes (como o Kung Fu), barrando cobran\u00e7as de taxas e exig\u00eancias indevidas.<\/p><p data-path-to-node=\"19\">Seu trabalho incans\u00e1vel em defesa dos professores de artes marciais o levou a representar o Aikido na C\u00e2mara dos Deputados Federais (Bras\u00edlia, 2004) e lhe rendeu honrarias de peso:<\/p><ul data-path-to-node=\"20\"><li><p data-path-to-node=\"20,0,0\"><b data-path-to-node=\"20,0,0\" data-index-in-node=\"0\">Mo\u00e7\u00e3o de Aplausos e Congratula\u00e7\u00f5es<\/b> da C\u00e2mara Municipal de Itapecerica da Serra (2004).<\/p><\/li><li><p data-path-to-node=\"20,1,0\"><b data-path-to-node=\"20,1,0\" data-index-in-node=\"0\">Placa de Prata por Servi\u00e7os Prestados ao Aikido<\/b>, concedida na Assembleia Legislativa do Estado de S\u00e3o Paulo (2005).<\/p><\/li><\/ul>\t\t\t\t\t\t\t\t<\/div>\n\t\t\t\t<div class=\"elementor-element elementor-element-a162607 elementor-widget elementor-widget-heading\" data-id=\"a162607\" data-element_type=\"widget\" data-e-type=\"widget\" data-widget_type=\"heading.default\">\n\t\t\t\t\t<h2 class=\"elementor-heading-title elementor-size-default\">A Funda\u00e7\u00e3o do Cremona Dojo e o Ensino<\/h2>\t\t\t\t<\/div>\n\t\t\t\t<div class=\"elementor-element elementor-element-7c87b1c elementor-widget elementor-widget-text-editor\" data-id=\"7c87b1c\" data-element_type=\"widget\" data-e-type=\"widget\" data-widget_type=\"text-editor.default\">\n\t\t\t\t\t\t\t\t\t<p data-path-to-node=\"23\">Ap\u00f3s anos lecionando em grandes institui\u00e7\u00f5es esportivas e culturais (incluindo o treinamento de oficiais da Academia de Pol\u00edcia Militar do Barro Branco em 2006), fundou o <b data-path-to-node=\"23\" data-index-in-node=\"179\">Cremona Dojo Aikido<\/b> em novembro de 1999.<\/p>\n<p data-path-to-node=\"24\">No dojo, ensina lado a lado com sua esposa, <b data-path-to-node=\"24\" data-index-in-node=\"44\">Sensei Elaine Cristina El Hakim Cremona<\/b> \u2014 psic\u00f3loga, psicanalista e faixa preta, respons\u00e1vel por uma abordagem pedag\u00f3gica excepcional na instru\u00e7\u00e3o da categoria infantil. Juntos, consolidaram um espa\u00e7o onde t\u00e9cnica rigorosa, tradi\u00e7\u00e3o e desenvolvimento humano caminham lado a lado<\/p>\t\t\t\t\t\t\t\t<\/div>\n\t\t\t\t\t<\/div>\n\t\t\t\t<\/div>\n\t\t\t\t<\/div>\n\t\t","protected":false},"excerpt":{"rendered":"<p>Sensei Paulo Sergio Cremona Uma vida dedicada ao Shugyo, \u00e0 tradi\u00e7\u00e3o do Aikido e \u00e0 defesa das Artes Marciais no [&hellip;]<\/p>\n","protected":false},"author":1,"featured_media":0,"parent":0,"menu_order":0,"comment_status":"closed","ping_status":"closed","template":"","meta":{"site-sidebar-layout":"no-sidebar","site-content-layout":"","ast-site-content-layout":"full-width-container","site-content-style":"default","site-sidebar-style":"default","ast-global-header-display":"","ast-banner-title-visibility":"","ast-main-header-display":"","ast-hfb-above-header-display":"","ast-hfb-below-header-display":"","ast-hfb-mobile-header-display":"","site-post-title":"","ast-breadcrumbs-content":"","ast-featured-img":"disabled","footer-sml-layout":"","theme-transparent-header-meta":"","adv-header-id-meta":"","stick-header-meta":"","header-above-stick-meta":"","header-main-stick-meta":"","header-below-stick-meta":"","astra-migrate-meta-layouts":"default","ast-page-background-enabled":"default","ast-page-background-meta":{"desktop":{"background-color":"var(--ast-global-color-5)","background-image":"","background-repeat":"repeat","background-position":"center center","background-size":"auto","background-attachment":"scroll","background-type":"","background-media":"","overlay-type":"","overlay-color":"","overlay-opacity":"","overlay-gradient":""},"tablet":{"background-color":"","background-image":"","background-repeat":"repeat","background-position":"center center","background-size":"auto","background-attachment":"scroll","background-type":"","background-media":"","overlay-type":"","overlay-color":"","overlay-opacity":"","overlay-gradient":""},"mobile":{"background-color":"","background-image":"","background-repeat":"repeat","background-position":"center center","background-size":"auto","background-attachment":"scroll","background-type":"","background-media":"","overlay-type":"","overlay-color":"","overlay-opacity":"","overlay-gradient":""}},"ast-content-background-meta":{"desktop":{"background-color":"var(--ast-global-color-4)","background-image":"","background-repeat":"repeat","background-position":"center center","background-size":"auto","background-attachment":"scroll","background-type":"","background-media":"","overlay-type":"","overlay-color":"","overlay-opacity":"","overlay-gradient":""},"tablet":{"background-color":"var(--ast-global-color-4)","background-image":"","background-repeat":"repeat","background-position":"center center","background-size":"auto","background-attachment":"scroll","background-type":"","background-media":"","overlay-type":"","overlay-color":"","overlay-opacity":"","overlay-gradient":""},"mobile":{"background-color":"var(--ast-global-color-4)","background-image":"","background-repeat":"repeat","background-position":"center center","background-size":"auto","background-attachment":"scroll","background-type":"","background-media":"","overlay-type":"","overlay-color":"","overlay-opacity":"","overlay-gradient":""}},"footnotes":""},"class_list":["post-320","page","type-page","status-publish","hentry"],"_links":{"self":[{"href":"https:\/\/cremonadojoaikido.com.br\/index.php?rest_route=\/wp\/v2\/pages\/320","targetHints":{"allow":["GET"]}}],"collection":[{"href":"https:\/\/cremonadojoaikido.com.br\/index.php?rest_route=\/wp\/v2\/pages"}],"about":[{"href":"https:\/\/cremonadojoaikido.com.br\/index.php?rest_route=\/wp\/v2\/types\/page"}],"author":[{"embeddable":true,"href":"https:\/\/cremonadojoaikido.com.br\/index.php?rest_route=\/wp\/v2\/users\/1"}],"replies":[{"embeddable":true,"href":"https:\/\/cremonadojoaikido.com.br\/index.php?rest_route=%2Fwp%2Fv2%2Fcomments&post=320"}],"version-history":[{"count":13,"href":"https:\/\/cremonadojoaikido.com.br\/index.php?rest_route=\/wp\/v2\/pages\/320\/revisions"}],"predecessor-version":[{"id":355,"href":"https:\/\/cremonadojoaikido.com.br\/index.php?rest_route=\/wp\/v2\/pages\/320\/revisions\/355"}],"wp:attachment":[{"href":"https:\/\/cremonadojoaikido.com.br\/index.php?rest_route=%2Fwp%2Fv2%2Fmedia&parent=320"}],"curies":[{"name":"wp","href":"https:\/\/api.w.org\/{rel}","templated":true}]}}

<div data-elementor-type="wp-page" data-elementor-id="320" class="elementor elementor-320">
				<div class="elementor-element elementor-element-49b7c6f e-con-full e-flex e-con e-parent" data-id="49b7c6f" data-element_type="container" data-e-type="container" data-settings="{&quot;background_background&quot;:&quot;classic&quot;}">
				</div>
		<div class="elementor-element elementor-element-33570b8 e-flex e-con-boxed e-con e-parent" data-id="33570b8" data-element_type="container" data-e-type="container">
					<div class="e-con-inner">
				<div class="elementor-element elementor-element-b5061d8 elementor-widget elementor-widget-heading" data-id="b5061d8" data-element_type="widget" data-e-type="widget" data-widget_type="heading.default">
					<h2 class="elementor-heading-title elementor-size-default">Sensei Paulo Sergio Cremona</h2>				</div>
				<div class="elementor-element elementor-element-da92875 elementor-widget elementor-widget-heading" data-id="da92875" data-element_type="widget" data-e-type="widget" data-widget_type="heading.default">
					<h4 class="elementor-heading-title elementor-size-default">Uma vida dedicada ao <i data-path-to-node="4" data-index-in-node="61">Shugyo</i>, à tradição do Aikido e à defesa das Artes Marciais no Brasil.</h4>				</div>
				<div class="elementor-element elementor-element-2343318 elementor-widget elementor-widget-heading" data-id="2343318" data-element_type="widget" data-e-type="widget" data-widget_type="heading.default">
					<h2 class="elementor-heading-title elementor-size-default">O Início no Caminho Marcial</h2>				</div>
				<div class="elementor-element elementor-element-3a76c6e elementor-widget elementor-widget-text-editor" data-id="3a76c6e" data-element_type="widget" data-e-type="widget" data-widget_type="text-editor.default">
									<p data-path-to-node="7">Nascido em São Paulo (1953), Sensei Paulo Sergio Cremona iniciou sua jornada nas artes marciais em 1968, como um dos primeiros discípulos graduados do Sensei Fukyo Nakano (5º Dan) no departamento de Judô da Sociedade Esportiva Palmeiras.</p><p data-path-to-node="8">Foi neste mesmo clube, no ano de 1979, que encontrou o seu verdadeiro caminho no Aikido. Iniciou seus treinamentos com os mestres Massanao Ueno e José Gomes Lemos e, a partir de 1983, passou a treinar sob a direção técnica do Shihan Makoto Nishida, representante da FEPAI junto ao Hombu Dojo (Fundação Aikikai de Tokyo).</p><p data-path-to-node="9">Com uma dedicação ímpar, Sensei Cremona construiu uma base sólida, exercendo durante 16 anos consecutivos a função de Diretor-adjunto do Departamento de Aikido do Palmeiras. Hoje, é <b data-path-to-node="9" data-index-in-node="182">Faixa Preta 6º Dan (Rokudan)</b>, formado pela Federação Paulista de Aikido (FEPAI) e diplomado pela Fundação Aikikai de Tokyo, sendo filiado à International Aikido Federation (IAF).</p>								</div>
				<div class="elementor-element elementor-element-4258dd8 elementor-widget elementor-widget-heading" data-id="4258dd8" data-element_type="widget" data-e-type="widget" data-widget_type="heading.default">
					<h2 class="elementor-heading-title elementor-size-default">Linhagem e Aperfeiçoamento Contínuo</h2>				</div>
				<div class="elementor-element elementor-element-d4812b7 elementor-widget elementor-widget-text-editor" data-id="d4812b7" data-element_type="widget" data-e-type="widget" data-widget_type="text-editor.default">
									<p data-path-to-node="12">A busca pelo refinamento técnico sempre foi uma constante. Ao longo de sua trajetória, Sensei Cremona participou de seminários com as maiores autoridades do Aikido mundial, mantendo a pureza da técnica ensinada pelo Fundador, O-Sensei Morihei Ueshiba.</p><p data-path-to-node="13">Treinou diretamente com mestres lendários, incluindo:</p><ul data-path-to-node="14"><li><p data-path-to-node="14,0,0"><b data-path-to-node="14,0,0" data-index-in-node="0">A Família Ueshiba:</b> O saudoso Doshu Kisshomaru Ueshiba e o atual Doshu Moriteru Ueshiba (com destaque para o histórico seminário das Américas em 2006).</p></li><li><p data-path-to-node="14,1,0"><b data-path-to-node="14,1,0" data-index-in-node="0">Pioneiros no Brasil e no Mundo:</b> Mestre Reishin Kawai (introdutor do Aikido no Brasil), Yoshimitsu Yamada, Hiroshi Isoyama, Hayato Osawa, Wagner Bull, entre outros grandes nomes que forjaram o Aikido internacional.</p></li></ul>								</div>
				<div class="elementor-element elementor-element-e1bde3d elementor-widget elementor-widget-heading" data-id="e1bde3d" data-element_type="widget" data-e-type="widget" data-widget_type="heading.default">
					<h2 class="elementor-heading-title elementor-size-default">A Batalha Jurídica pela Liberdade das Artes Marciais</h2>				</div>
				<div class="elementor-element elementor-element-0195e68 elementor-widget elementor-widget-text-editor" data-id="0195e68" data-element_type="widget" data-e-type="widget" data-widget_type="text-editor.default">
									<p data-path-to-node="17">Advogado militante desde 1979 (formado pela PUC-SP), Sensei Cremona uniu sua paixão pelo tatame ao conhecimento jurídico para travar uma das batalhas mais importantes da história das artes marciais brasileiras.</p><p data-path-to-node="18">Desde o ano 2000, destacou-se na luta contra a interferência ilegal dos Conselhos de Educação Física (CREF) sobre as Artes Marciais, Dança e Yoga. Como Vice-presidente e Diretor Jurídico da FEPAI, obteve decisões judiciais inéditas e sentenças federais que garantiram a liberdade de ensino para o Aikido e outras artes (como o Kung Fu), barrando cobranças de taxas e exigências indevidas.</p><p data-path-to-node="19">Seu trabalho incansável em defesa dos professores de artes marciais o levou a representar o Aikido na Câmara dos Deputados Federais (Brasília, 2004) e lhe rendeu honrarias de peso:</p><ul data-path-to-node="20"><li><p data-path-to-node="20,0,0"><b data-path-to-node="20,0,0" data-index-in-node="0">Moção de Aplausos e Congratulações</b> da Câmara Municipal de Itapecerica da Serra (2004).</p></li><li><p data-path-to-node="20,1,0"><b data-path-to-node="20,1,0" data-index-in-node="0">Placa de Prata por Serviços Prestados ao Aikido</b>, concedida na Assembleia Legislativa do Estado de São Paulo (2005).</p></li></ul>								</div>
				<div class="elementor-element elementor-element-a162607 elementor-widget elementor-widget-heading" data-id="a162607" data-element_type="widget" data-e-type="widget" data-widget_type="heading.default">
					<h2 class="elementor-heading-title elementor-size-default">A Fundação do Cremona Dojo e o Ensino</h2>				</div>
				<div class="elementor-element elementor-element-7c87b1c elementor-widget elementor-widget-text-editor" data-id="7c87b1c" data-element_type="widget" data-e-type="widget" data-widget_type="text-editor.default">
									<p data-path-to-node="23">Após anos lecionando em grandes instituições esportivas e culturais (incluindo o treinamento de oficiais da Academia de Polícia Militar do Barro Branco em 2006), fundou o <b data-path-to-node="23" data-index-in-node="179">Cremona Dojo Aikido</b> em novembro de 1999.</p>
<p data-path-to-node="24">No dojo, ensina lado a lado com sua esposa, <b data-path-to-node="24" data-index-in-node="44">Sensei Elaine Cristina El Hakim Cremona</b> — psicóloga, psicanalista e faixa preta, responsável por uma abordagem pedagógica excepcional na instrução da categoria infantil. Juntos, consolidaram um espaço onde técnica rigorosa, tradição e desenvolvimento humano caminham lado a lado</p>								</div>
					</div>
				</div>
				</div>

<p>Sensei Paulo Sergio Cremona Uma vida dedicada ao Shugyo, à tradição do Aikido e à defesa das Artes Marciais no [&hellip;]</p>
